 is the value of (-55 - -262) + -251 + (0 - -29)?
-15
53 + (13 - -28) - 50
44
What is (-4 - -3) + (66 - (-16 + (36 - (10 - 6))))?
49
Evaluate 2 + -4 - ((40 - 3) + 4 + 24 + -34).
-33
Evaluate 77 + (-26 - -16) + 39 - (0 - -7).
99
Evaluate -10 + 1 + 24 + -16 + 35 + -2.
32
Calculate -52 + -2 - (605 + -653).
-6
What is the value of (9 - (19 + 6) - -7 - (-10 - 4)) + -21?
-16
Evaluate 34 - (-58 + 101 + -50).
41
Evaluate -109 + (-4 - (33 - (-24 - -71))).
-99
(3 - 1 - 3 - 1 - (-638 + 572)) + 0
64
Calculate -240 - (78 + -201) - -53.
-64
-38 - (-78 - (92 + -50))
82
Calculate -1 + 0 - (4 + (5 - 0) - (-56 + -38)).
-104
What is -44 - (47 + -50 + 13 - (0 + 21))?
-33
What is 110 + -53 + (0 - 24)?
33
What is -6 + -26 + (7 + 0 - (-36 - -50))?
-39
Calculate (-76 - (-1 + (-1 - -8) + -10)) + 8.
-64
Calculate -12 - (45 + 5 + -20).
-42
What is the value of 22 + -20 + 15 + -21 + -34?
-38
What is the value of -55 - (103 - 195 - -10)?
27
1 + -1 + (14 - (24 - -14))
-24
Evaluate 119 - (-71 - -177) - (3 + -2 - 0).
12
Calculate 68 - (-6 + -17) - (13 + 2) - 1.
75
What is 1374 + -1348 + 10 + -127?
-91
What is -51 + (-28 - 0) - (-29 + 5)?
-55
Calculate -3 + -4 + -24 + 151 + -137.
-17
What is -4069 + 4060 + (53 - 0)?
44
What is 70 - ((-3 - 3) + (-49 - (-78 - -19)))?
66
Evaluate 2 + 3 + (2 - -54 - 21).
40
-8 + 3 + (-6 - (-3 + 20))
-28
Calculate -63 + ((-20 - -25) + (-18 - 1) - (84 + -84)).
-77
Calculate 0 + -1 + 10 - ((64 - -81) + -175).
39
What is 87 + -90 + (-20 - -5) + 8 + 27?
17
Calculate -11 - ((0 - 7) + (351 - 323)).
-32
What is (0 - -2) + -70 + (-121 - -102 - -27)?
-60
Calculate 80 + (-14 - -16) - 119.
-37
What is the value of (-4891 - -4894) + 2 + (0 - -25)?
30
-12 - (44 - 0 - ((-118 - -47) + 58))
-69
What is the value of (-1 - 3) + (-2 - (16 + -36 + 7))?
7
Calculate -12 + 36 + -50 + -5 + 44.
13
What is the value of (-93 - -3) + 15 + (-3 - -5) + 8 + -12?
-77
What is the value of -58 + (4 - 13 - -6) + (1 - 7) + 5?
-62
(-1 + 2 - 5) + -45 + (-12 + -34 - -43)
-52
What is 97 + (-211 - -207) + (-3 - (7 - -3))?
80
Evaluate 30 + (-1 - -26) - 62.
-7
(5 - (1 + (31 - (-3 - -17)))) + (1 - -26)
14
What is -66 + -67 + 113 + -3 + 3 + 1?
-19
What is 5 + -4 + 2 + 3 + (-11 - (-20 + 15))?
0
What is the value of 24 + (48 - -6) + -76?
2
Calculate 100 + (9 - 40) - 57.
12
What is 1 + -12 - (3 + 0 - (-32 - (26 + -52)))?
-20
Calculate -3 + -1 - -67 - (-101 + 128).
36
Calculate -21 + (8 - 3) - (21 + 0).
-37
-37 + 44 + 16 + -72
-49
What is 1 + -32 + (4500 - 4425)?
44
Evaluate -288 + 249 - (4 - 32).
-11
0 + -4 - (-52 - -12 - -82)
-46
What is the value of -36 + -21 + 37 + 77?
57
What is (-34 - -8) + -5 + -24 + 129?
74
What is the value of 8 + 4 + 76 + -52?
36
3 + 8 + (-12 - (-13 - -14)) + -31
-33
Evaluate 16 + -16 - (8 + -18 + 11 - (-3 + 0)).
-4
What is (-1 - 68) + (2183 - 2106)?
8
(7 - 1) + (-2 + 7 + 37 - 9)
39
What is the value of (-2 + 7 - 12) + 1 + -5 + 7 + -5?
-9
2 + -56 - (69 + 2 + -35 - 23)
-67
Calculate -4 + -2 - (14 + -3 + 17 + -16).
-18
What is 29 + (62 - 78) - (0 + -1 - 0)?
14
What is the value of 69 - ((-143 - 17) + 130)?
99
What is the value of -3 + 61 + (25 - 34) + 12 + -3 + 0?
58
Evaluate 25 - 7 - (-18 - (-51 - -31)) - 119.
-103
-50 + 20 + -25 + 84 + -42
-13
-113 + 118 + 29 + 74
108
Evaluate (965 - 964) + 1 + (10 - (1 - 2)).
13
(3 + -24 - -6 - (13 - 12)) + -1
-17
What is (4 - 1 - (-230 + 283)) + 13 + 2 + -15?
-50
What is the value of 108 - -5 - (-900 + 1031)?
-18
Evaluate -24 + 7 + -12 + 14 + -65 + 7.
-73
What is -1 + 11 - (-3 - ((-10 - -21) + 0))?
24
(-104 - -120 - (-3 + 26)) + 92 - 14
71
What is 46 + (73 - 38) + -9?
72
Evaluate -23 + 32 + 1 + 1 - -33.
44
What is (-1 - (1 - -11)) + (-141 - (-177 - -29))?
-6
What is the value of -7 + 9 + 15 + (49 - 58)?
8
What is the value of -10 + 8 + 5 - (4 - 74)?
73
Calculate (-560 - -597) + -60 + 3.
-20
What is -8 + 1 + 17 + -3 - (-10 + 20)?
-3
-12 + 27 + (25 - 44)
-4
12 - (3 - (7 + 1 - 6)) - (-76 - 0)
87
What is (33 + 9 - 57) + -15 + 3 + 1?
-26
(458 + -433 - (0 + 28)) + 3 + -2
-2
Calculate (-8 + 2 - -2) + (663 - 657) - 17.
-15
What is the value of (160 - 1) + (-261 - (40 + -280))?
138
Evaluate -52 + (80 - (-24 + 58)).
-6
What is the value of (-26 - -34) + ((8 - (13 + -7)) + -7 - -2)?
5
-49 + 2 + 1 + (-63 - -4) + 68
-37
Evaluate (-5 - (2 - -2)) + -3 + 15 - (8 + 107).
-112
Evaluate 7 + (-304 - -222 - (-3 + -11 + -1)).
-60
-8 - -11 - (-5 + 67 - (8 + -2 - 14))
-67
Calculate -18 - (6 + 8 + -12 + (-12 - -20)).
-28
What is the value of 7 + (-81 - -76) + (2 - 12) + -3?
-11
Evaluate (-33 - (-40 - -9)) + 31 + -10.
19
Evaluate 38 + (34 - 44) + 67.
95
Evaluate (-30 - (-16 + -2) - -26 - 11) + 2.
5
What is (5 - -21) + (79 + -83 - (1 + 4))?
17
Evaluate 16 + 0 + (11 - (32 - -61) - -39).
-27
What is -9 - (12 - (-8 + 38)) - (-2 + 3 + -7)?
15
57 + (7 - (14 - 6)) + -10
46
Evaluate (-3 - -1 - -22 - (879 - 980)) + 5.
126
Calculate 3 + -16 + -3 - (54 - -87 - 145).
-12
What is the value of (-72 - -80 - (-3 + 21)) + 1 + -15?
-24
What is the value of 9 + -6 + -15 + 38 + -34?
-8
What is -32 + 45 + -16 + (2 - (-82 - 7))?
88
Evaluate (-56 - -118 - 1) + 37.
98
What is -1 - (16 + 23 - 62)?
22
What is -78 + 76 + 25 + -100?
-77
What is -1 - -2 - -1 - (-42670 - -42597)?
75
Evaluate -30 - (14 + 9 + -36 + 2).
-19
96 - 115 - (-38 - -3)
16
Evaluate 18 + -35 + (-4 - -6) + -4 - 9.
-28
9 - -34 - 22 - (27 - 8)
2
Calculate 4 - (6 - (1 + (-11 - -29)) - (2 - 8)).
11
Calculate -30 + (14 - 52) + 52.
-16
Calculate (2 + -1 + -60 - 1) + (-6625 - -6630).
-55
What is the value of 6 + (9 - 5) + -70 + -2 + 12 + -17?
-67
What is -161 + -96 + (158 - -88)?
-11
Evaluate -113975 - -113968 - (19 + 0 + 0 + -1 + 0).
-25
Evaluate (-6 - (7 - (-4 + 5))) + (17 + 9 - -1).
15
Calculate 3 + 40 - (11 + -15 + -9).
56
What is 105 - (121 + -49 - -66)?
-33
What is -46 + 20 - (-44 + 40)?
-22
Evaluate (-103 - 1) + -3976 + 4018.
-62
Calculate (36 - (35 + -8 + -17)) + 95.
121
Evaluate -114 + -1 - (6705 + -6774).
-46
What is 11 + (-4 - 0) - (68 + -19)?
-42
-1 + 0 + -59 + -15 + 57 + -41
-59
Evaluate -11 - (28 - (-36 - -62)).
-13
What is the value of 93 - 0 - (2524 - 2482)?
51
Calculate (-257 - -389) + 54 + -209.
-23
What is the value of (2 - -6) + -4 - -47 - (-7 - (-14 - -1))?
45
-23 + 71 + (30 + 7 - 21)
64
What is 57 + 2 + (-750 - -685)?
-6
What is the value of -431 + 320 - (-166 - 25)?
80
Calculate (2 - -14) + (-17 - -8) - (-54 + 1).
60
Evaluate -7 + 61 + (-1 - 0 - (-87 + 96)).
44
What is the value of 17 + (-27 - 7) + 9 - (-3 + -2) - 74?
-77
Calculate -10 + 26 + -53 + 21 - (2 - -60).
-78
What is -3 + 40 - -6 - (338 + -331)?
36
Evaluate 11 + 17 - 5 - 32 - (8 - -1).
-18
Evaluate -90 - (40 + -51) - 50.
-129
What is -1 + ((-5 - -9) + 0 - 9) + 3 + 65?
62
What is the value of 44 + 6 + (-5 + 12 - -9) + 9?
75
Calculate 30 - (0 - (31 + -32 - 110)).
-81
38 - (1 - -19 - (87 - 77) - 14)
42
((-50 - -2) + 38 - -9) + (51 + 0 - 0)
50
What is the value of (-16 - -54 - (-7 - -39)) + -19?
-13
(-91 - -136) + (-17 - 2)
26
Calculate -50 + 44 + 78 - 99.
-27
Calculate 5 + (-14 - -12) + (21 - 23 - (55 + 0)).
-54
What is -1 + 0 + 77 + 417 + -417 + -20 + 11?
67
Calculate 82 + -117 + 28 - (23 + 2).
-32
-59 + -16 + 36 + -1
-40
What is (3 - -19) + -3 + 11 + -11?
19
(-1 - 19) + 5 + -24 - -26
-13
Evaluate -16 + (4 - 1) - (-160 - -165 - 136).
118
Evaluate (13 - 6 - 7) + (-164 - -85).
-79
Evaluate (14 - (-50 + 41)) + -43.
-20
What is the value of (19 - (16 - -3)) + 8 + 28 + -2 + 0?
34
What is 141 + (-29 - (-14 - 20 - -40))?
106
What is the value of 98 + -87 + (-3 - (11 + -2)) - (0 + -1)?
0
21 + -70 - (-35 - 42)
28
What is the value of 27 - (-229 + 253 - (-1 - -12 - -4))?
18
What is the value of 41 + 2 + -4 - (-139 + 63 + 85)?
30
Evaluate 1 + 21 + -21 + (-3 - -13) + -8 + 105.
108
What is the value of (-7 - (-14 - -11)) + 0 + -3 + -31 + -2?
-40
(6 - (-4 + -1)) + 84 + -96 - 35
-36
What is the value of 37 + -18 + 37 + -38 + -86 + -1?
-69
Evaluate -38 + 93 + -134 + 58.
-21
Calculate 63 + 81 + (-138 - 32).
-26
What is the value of (0 - (-2 + -3)) + (9 - 40) + -3?
-29
-28 - (11 + 9) - (-13 - -20)
-55
-10 + -35 - 71 - (-33 + 1)
-84
What is the value of -60 + 11 + (6 + -14 - 2) + (-6 - -5)?
-60
Calculate -116 + 108 + (9 - 0) - (-2 - -13).
-10
Calculate -22 - -8 - (7 + -24 + 27 + 102).
-126
Calculate (-13 - (-1 + 18)) + 10 + 0 + -99.
-119
What is the value of 